{"id":105,"date":"2024-08-18T15:37:10","date_gmt":"2024-08-18T15:37:10","guid":{"rendered":"https:\/\/cocodriloazul.com\/portafolio\/?page_id=105"},"modified":"2025-01-17T04:48:25","modified_gmt":"2025-01-17T04:48:25","slug":"portafolio","status":"publish","type":"page","link":"https:\/\/cocodriloazul.com\/portafolio\/","title":{"rendered":"Portafolio"},"content":{"rendered":"\t\t<div data-elementor-type=\"wp-page\" data-elementor-id=\"105\" class=\"elementor elementor-105\">\n\t\t\t\t<div class=\"elementor-element elementor-element-e663cab e-flex e-con-boxed e-con e-parent\" data-id=\"e663cab\" data-element_type=\"container\" data-settings=\"{&quot;background_background&quot;:&quot;classic&quot;}\">\n\t\t\t\t\t<div class=\"e-con-inner\">\n\t\t\t\t<div class=\"elementor-element elementor-element-c4b5e76 elementor-widget elementor-widget-spacer\" data-id=\"c4b5e76\" data-element_type=\"widget\" data-widget_type=\"spacer.default\">\n\t\t\t\t<div class=\"elementor-widget-container\">\n\t\t\t\t\t\t\t<div class=\"elementor-spacer\">\n\t\t\t<div class=\"elementor-spacer-inner\"><\/div>\n\t\t<\/div>\n\t\t\t\t\t\t<\/div>\n\t\t\t\t<\/div>\n\t\t\t\t\t<\/div>\n\t\t\t\t<\/div>\n\t\t<div data-speed=\"10s\" data-background-size=\"100% 300%\" data-animation-name=\"AnimatedGradientBgDown\" data-angle=\"0deg\" data-color=\"#181818,#232323,#181818,#232323\" class=\"elementor-element elementor-element-98fe58d raven-animated-gradient-yes e-flex e-con-boxed e-con e-parent\" data-id=\"98fe58d\" data-element_type=\"container\" data-settings=\"{&quot;background_background&quot;:&quot;classic&quot;,&quot;shape_divider_top&quot;:&quot;triangle&quot;}\">\n\t\t\t\t\t<div class=\"e-con-inner\">\n\t\t\t\t<div class=\"elementor-shape elementor-shape-top\" data-negative=\"false\">\n\t\t\t<svg xmlns=\"http:\/\/www.w3.org\/2000\/svg\" viewBox=\"0 0 1000 100\" preserveAspectRatio=\"none\">\n\t<path class=\"elementor-shape-fill\" d=\"M500,98.9L0,6.1V0h1000v6.1L500,98.9z\"\/>\n<\/svg>\t\t<\/div>\n\t\t<div class=\"elementor-element elementor-element-1678d8d e-con-full e-flex e-con e-child\" data-id=\"1678d8d\" data-element_type=\"container\">\n\t\t\t\t<div class=\"elementor-element elementor-element-f952bc6 elementor-widget elementor-widget-heading\" data-id=\"f952bc6\" data-element_type=\"widget\" data-widget_type=\"heading.default\">\n\t\t\t\t<div class=\"elementor-widget-container\">\n\t\t\t\t\t<h2 class=\"elementor-heading-title elementor-size-default\">Siempre<\/h2>\t\t\t\t<\/div>\n\t\t\t\t<\/div>\n\t\t\t\t<div class=\"elementor-element elementor-element-6a92872 elementor-widget elementor-widget-heading\" data-id=\"6a92872\" data-element_type=\"widget\" data-widget_type=\"heading.default\">\n\t\t\t\t<div class=\"elementor-widget-container\">\n\t\t\t\t\t<h2 class=\"elementor-heading-title elementor-size-default\">el dise\u00f1o<\/h2>\t\t\t\t<\/div>\n\t\t\t\t<\/div>\n\t\t\t\t<div class=\"elementor-element elementor-element-23ee877 elementor-widget elementor-widget-text-editor\" data-id=\"23ee877\" data-element_type=\"widget\" data-widget_type=\"text-editor.default\">\n\t\t\t\t<div class=\"elementor-widget-container\">\n\t\t\t\t\t\t\t\t\t<p class=\"p1\">Apasionado del dise\u00f1o con experiencia en digital, he trabajado en agencias, como freelance y en startup\u00b4s de marketing y financieras. Me gusta involucrarme en todos los procesos de cada proyecto como planeaci\u00f3n, investigaci\u00f3n, desarrollo y medici\u00f3n de resultados, generando conceptos de campa\u00f1as, sitios web informativos y de e-commerce, CMS\u00b4s, presentaciones, rrss, imagen de marca, ilustraciones y otros materiales de comunicaci\u00f3n visual.<\/p>\t\t\t\t\t\t\t\t<\/div>\n\t\t\t\t<\/div>\n\t\t\t\t<div class=\"elementor-element elementor-element-c118fbb elementor-widget elementor-widget-heading\" data-id=\"c118fbb\" data-element_type=\"widget\" data-widget_type=\"heading.default\">\n\t\t\t\t<div class=\"elementor-widget-container\">\n\t\t\t\t\t<h2 class=\"elementor-heading-title elementor-size-default\">Alfredo Rojas<\/h2>\t\t\t\t<\/div>\n\t\t\t\t<\/div>\n\t\t\t\t<\/div>\n\t\t<div class=\"elementor-element elementor-element-5fb2741 e-con-full e-flex e-con e-child\" data-id=\"5fb2741\" data-element_type=\"container\">\n\t\t\t\t<div class=\"elementor-element elementor-element-38183ee elementor-widget elementor-widget-spacer\" data-id=\"38183ee\" data-element_type=\"widget\" data-widget_type=\"spacer.default\">\n\t\t\t\t<div class=\"elementor-widget-container\">\n\t\t\t\t\t\t\t<div class=\"elementor-spacer\">\n\t\t\t<div class=\"elementor-spacer-inner\"><\/div>\n\t\t<\/div>\n\t\t\t\t\t\t<\/div>\n\t\t\t\t<\/div>\n\t\t\t\t<div class=\"elementor-element elementor-element-ba11774 elementor-widget elementor-widget-image\" data-id=\"ba11774\" data-element_type=\"widget\" data-widget_type=\"image.default\">\n\t\t\t\t<div class=\"elementor-widget-container\">\n\t\t\t\t\t\t\t\t\t\t\t\t\t\t\t<img decoding=\"async\" src=\"https:\/\/cocodriloazul.com\/portafolio\/wp-content\/uploads\/elementor\/thumbs\/mimismo-home1-qsspenm1w47e4m1o58f361ssau7n5bm6osgi2k9k28.png\" title=\"mimismo-home1\" alt=\"mimismo-home1\" loading=\"lazy\" \/>\t\t\t\t\t\t\t\t\t\t\t\t\t\t\t<\/div>\n\t\t\t\t<\/div>\n\t\t\t\t<div class=\"elementor-element elementor-element-9ea9b4e elementor-widget elementor-widget-heading\" data-id=\"9ea9b4e\" data-element_type=\"widget\" data-widget_type=\"heading.default\">\n\t\t\t\t<div class=\"elementor-widget-container\">\n\t\t\t\t\t<h2 class=\"elementor-heading-title elementor-size-default\">Dise\u00f1ador de la Comunicaci\u00f3n Gr\u00e1fica<\/h2>\t\t\t\t<\/div>\n\t\t\t\t<\/div>\n\t\t\t\t<div class=\"elementor-element elementor-element-d35ec63 elementor-align-center elementor-widget elementor-widget-button\" data-id=\"d35ec63\" data-element_type=\"widget\" data-widget_type=\"button.default\">\n\t\t\t\t<div class=\"elementor-widget-container\">\n\t\t\t\t\t\t\t\t\t<div class=\"elementor-button-wrapper\">\n\t\t\t\t\t<a class=\"elementor-button elementor-button-link elementor-size-sm\" href=\"http:\/\/cocodriloazul.com\/portafolio\/wp-content\/uploads\/2021\/01\/cv-alfredo-rojas.pdf\" target=\"_blank\">\n\t\t\t\t\t\t<span class=\"elementor-button-content-wrapper\">\n\t\t\t\t\t\t\t\t\t<span class=\"elementor-button-text\">CV<\/span>\n\t\t\t\t\t<\/span>\n\t\t\t\t\t<\/a>\n\t\t\t\t<\/div>\n\t\t\t\t\t\t\t\t<\/div>\n\t\t\t\t<\/div>\n\t\t\t\t<\/div>\n\t\t\t\t\t<\/div>\n\t\t\t\t<\/div>\n\t\t\t\t<\/div>\n\t\t","protected":false},"excerpt":{"rendered":"<p>Siempre el dise\u00f1o Apasionado del dise\u00f1o con experiencia en digital, he trabajado en agencias, como freelance y en startup\u00b4s de marketing y financieras. Me gusta involucrarme en todos los procesos de cada proyecto como planeaci\u00f3n, investigaci\u00f3n, desarrollo y medici\u00f3n de resultados, generando conceptos de campa\u00f1as, sitios web informativos y de e-commerce, CMS\u00b4s, presentaciones, rrss, imagen [&hellip;]<\/p>\n","protected":false},"author":1,"featured_media":0,"parent":0,"menu_order":0,"comment_status":"closed","ping_status":"closed","template":"elementor_header_footer","meta":{"_acf_changed":false,"footnotes":""},"class_list":["post-105","page","type-page","status-publish","hentry"],"acf":[],"_links":{"self":[{"href":"https:\/\/cocodriloazul.com\/portafolio\/wp-json\/wp\/v2\/pages\/105","targetHints":{"allow":["GET"]}}],"collection":[{"href":"https:\/\/cocodriloazul.com\/portafolio\/wp-json\/wp\/v2\/pages"}],"about":[{"href":"https:\/\/cocodriloazul.com\/portafolio\/wp-json\/wp\/v2\/types\/page"}],"author":[{"embeddable":true,"href":"https:\/\/cocodriloazul.com\/portafolio\/wp-json\/wp\/v2\/users\/1"}],"replies":[{"embeddable":true,"href":"https:\/\/cocodriloazul.com\/portafolio\/wp-json\/wp\/v2\/comments?post=105"}],"version-history":[{"count":68,"href":"https:\/\/cocodriloazul.com\/portafolio\/wp-json\/wp\/v2\/pages\/105\/revisions"}],"predecessor-version":[{"id":639,"href":"https:\/\/cocodriloazul.com\/portafolio\/wp-json\/wp\/v2\/pages\/105\/revisions\/639"}],"wp:attachment":[{"href":"https:\/\/cocodriloazul.com\/portafolio\/wp-json\/wp\/v2\/media?parent=105"}],"curies":[{"name":"wp","href":"https:\/\/api.w.org\/{rel}","templated":true}]}}